alculate l(-8).
2
Let f(z) = z**3 - 16*z**2 - 32*z + 4. Calculate f(-2).
-4
Let r(n) = -n**3 + 11*n**2 + n - 113. Determine r(10).
-3
Let s(a) = -209*a - 5646. What is s(-27)?
-3
Let r(z) = -36*z + 1728. Calculate r(48).
0
Let w(b) = -b**3 + 40*b**2 - 80*b - 52. Give w(38).
-204
Let w(v) = -10*v**2 + 24*v - 31. Give w(7).
-353
Let m(i) = i**2 - 11*i + 6. Determine m(12).
18
Let z(p) = -7*p**3 - 68*p**2 - 20*p - 22. Calculate z(-10).
378
Let d(j) = -16*j**2 + 5*j - 26. Calculate d(3).
-155
Let x(v) = -3628*v - 54429. What is x(-15)?
-9
Let a(l) = -2*l**2 - 846*l + 6882. Give a(8).
-14
Let g(h) = 86*h - 2317. Calculate g(27).
5
Let r(g) = -g**2 - 1378*g - 5495. Give r(-4).
1
Let g(s) = 2537*s + 7661. Give g(-3).
50
Let x(u) = u**3 - 10*u**2 + 24*u + 16. Calculate x(6).
16
Let l(c) = 217*c - 3250. Calculate l(15).
5
Let f(d) = 3*d**3 + 3*d**2 + 2. What is f(-4)?
-142
Let r(z) = -z**3 + 58*z**2 + 21*z - 1204. Give r(58).
14
Let f(h) = 3*h**2 + 64*h + 199. Calculate f(-7).
-102
Let b(o) = -o**2 + o - 22. Give b(-7).
-78
Let d(g) = 2*g**3 - 347*g**2 + 3118*g - 323. Give d(164).
5
Let m(v) = 5*v - 5. Determine m(-5).
-30
Let y(l) = -132*l - 7019. Determine y(-53).
-23
Let a(x) = 9*x + 54. Determine a(-9).
-27
Let u(f) = -2*f**3 - 20*f**2 + 57*f + 102. Give u(-12).
-6
Let c(n) = -7*n**2 - 470*n - 51. What is c(-67)?
16
Let y(n) = -n**3 - 7*n**2 + 7*n + 3. Give y(-8).
11
Let s(c) = -341*c - 14670. Give s(-43).
-7
Let c(h) = h**3 + 14*h**2 + 15*h + 53. What is c(-13)?
27
Let c(j) = j**3 - 15*j**2 + 14*j + 33. What is c(14)?
33
Let y(v) = -4*v**2 - 33*v - 5. Determine y(-12).
-185
Let v(t) = t**3 - 18*t**2 + 147*t - 677. What is v(10)?
-7
Let c(m) = 22*m - 82. Determine c(3).
-16
Let o(z) = -z**3 - 12*z**2 - 137*z - 1319. Determine o(-11).
67
Let r(a) = -a**3 + 6*a**2 - 57*a + 350. Give r(6).
8
Let k(r) = -r**3 + 58*r**2 - 95*r - 31. Determine k(2).
3
Let u(f) = f**2 - 9*f - 3312. Calculate u(-53).
-26
Let f(x) = -x**3 - 22*x**2 + 133*x - 53. What is f(-27)?
1
Let b(j) = -19*j + 23. Determine b(-2).
61
Let p(z) = z**3 + 24*z**2 + 131*z + 18. Give p(-8).
-6
Let f(x) = -x**3 - 44*x**2 + 31*x - 628. Give f(-45).
2
Let v(n) = -17*n**2 - 5*n + 16. Determine v(4).
-276
Let c(a) = -825*a + 7601. What is c(9)?
176
Let d(t) = -t**2 + 1064*t - 6348. Give d(6).
0
Let k(o) = -43*o - 612. What is k(-22)?
334
Let z(i) = -12*i**2 - 620*i + 214. Calculate z(-52).
6
Let g(t) = -26*t + 772. Give g(29).
18
Let f(p) = -63*p**2 + 200*p - 32. What is f(3)?
1
Let z(r) = -2017*r - 8070. Calculate z(-4).
-2
Let v(f) = 2*f**2 + 239*f - 922. What is v(-123)?
-61
Let g(a) = 11*a - 503. What is g(48)?
25
Let f(t) = t**2 + 305*t + 5984. Calculate f(-21).
20
Let w(s) = s**2 + 18*s - 26. Calculate w(-15).
-71
Let g(z) = -19*z + 62. What is g(3)?
5
Let x(s) = 41*s - 469. Determine x(11).
-18
Let t(m) = -86*m + 6. What is t(1)?
-80
Let i(k) = 394*k - 367. Determine i(1).
27
Let h(k) = 18*k + 530. Determine h(-34).
-82
Let o(b) = -10*b**3 - 19*b**2 + 42*b + 80. What is o(-2)?
0
Let p(o) = -67*o**2 + 180*o - 8. Give p(3).
-71
Let w(m) = m**3 + 32*m**2 + 68*m + 221. Give w(-30).
-19
Let k(p) = -649*p - 44804. Determine k(-69).
-23
Let w(t) = t**3 + 39*t**2 - 38*t + 90. Determine w(-40).
10
Let q(n) = -n**3 - 42*n**2 + 27*n - 688. Determine q(-43).
0
Let j(l) = 2*l - 234. Determine j(97).
-40
Let z(k) = -k**3 + 26*k**2 + 21*k + 41. Calculate z(27).
-121
Let b(a) = a**2 + 87*a + 1386. Determine b(-21).
0
Let u(q) = -q**3 + 15*q**2 - 59*q + 29. Determine u(9).
-16
Let b(h) = 142*h + 940. Determine b(-7).
-54
Let d(s) = -3*s**3 + 61*s**2 - 46*s + 519. Determine d(20).
-1
Let b(n) = 45*n - 351. What is b(20)?
549
Let s(n) = -4*n**3 - 43*n**2 + 11*n + 32. Give s(-11).
32
Let c(y) = 905*y + 4528. Calculate c(-5).
3
Let f(j) = 92*j - 10855. Calculate f(118).
1
Let o(v) = -2*v**2 - 60*v - 114. Calculate o(-2).
-2
Let c(n) = -n**3 + 14*n**2 + 39*n - 43. What is c(14)?
503
Let z(r) = -2960*r - 14801. Give z(-5).
-1
Let t(w) = -w**3 - 2*w**2 + 8*w - 120. What is t(-9)?
375
Let c(h) = 18*h + 14. What is c(-5)?
-76
Let n(u) = -u**3 - 80*u**2 - 371*u + 308. Calculate n(-75).
8
Let n(u) = 43*u**2 - 860*u - 28. What is n(20)?
-28
Let w(s) = -7*s**2 + 373*s - 111. Determine w(53).
-5
Let a(n) = -22*n - 437. What is a(-14)?
-129
Let a(i) = i**3 + 25*i**2 - 30*i - 8. Calculate a(-26).
96
Let i(c) = -2*c**3 - 15*c**2 - 10*c - 18. Give i(-8).
126
Let u(t) = t**3 - 21*t**2 - 81*t - 15. Calculate u(-3).
12
Let f(v) = -27*v**3 + 162*v**2 + 11*v - 54. Give f(6).
12
Let v(l) = l**2 - 16*l + 64. Determine v(12).
16
Let u(r) = -4*r**2 - 37*r + 24. Determine u(-10).
-6
Let h(j) = -4872*j + 14601. Give h(3).
-15
Let z(l) = l**3 - 28*l**2 - 428*l + 6. What is z(-11)?
-5
Let i(n) = 154*n - 97. Give i(-5).
-867
Let v(x) = 2350*x - 28197. Give v(12).
3
Let c(o) = 463*o - 3239. What is c(7)?
2
Let c(p) = 10*p**2 + 2*p - 31. Give c(-4).
121
Let n(h) = 5*h**2 - h - 46. Calculate n(3).
-4
Let r(q) = -q**2 - 97*q - 1448. Calculate r(-21).
148
Let n(s) = -3*s**2 + 7*s - 1. What is n(2)?
1
Let s(u) = u**3 + 20*u**2 - 363*u - 7008. Calculate s(-22).
10
Let t(y) = 28*y**2 - 166*y + 19. Give t(6).
31
Let j(n) = -n**3 - 16*n**2 - 24*n - 223. What is j(-14)?
-279
Let l(m) = -m**3 + 22*m**2 - 15*m - 125. What is l(21)?
1
Let j(i) = -2*i**3 - 56*i**2 - 149*i + 17. Determine j(-25).
-8
Let l(w) = -w**3 - 13*w**2 - 24*w - 126. Calculate l(-12).
18
Let a(v) = 27*v - 645. Determine a(24).
3
Let h(q) = q**3 - 20*q**2 + 62*q - 192. Calculate h(17).
-5
Let f(h) = -h - 98. Give f(-40).
-58
Let d(r) = -73*r + 580. Determine d(8).
-4
Let p(t) = -t**3 - 4*t**2 - 8*t + 55. What is p(3)?
-32
Let b(z) = 364*z - 23645. Determine b(65).
15
Let n(m) = -206*m - 274. Determine n(-2).
138
Let v(f) = f**2 - 78*f + 757. Calculate v(67).
20
Let k(r) = 895*r + 3577. What is k(-4)?
-3
Let p(u) = 1292*u + 78790. Determine p(-61).
-22
Let n(a) = -19*a - 61. Calculate n(-9).
110
Let l(o) = -o**2 - 412*o + 6416. Determine l(15).
11
Let m(k) = 1103*k - 10993. Calculate m(10).
37
Let h(m) = -m**3 + 23*m**2 + 8*m - 145. Calculate h(23).
39
Let p(l) = 2*l - 104. Give p(10).
-84
Let o(i) = 15*i**2 - 1533*i + 119. Give o(102).
-187
Let i(h) = -11*h**2 - 51*h + 11. What is i(-5)?
-9
Let q(l) = 4743*l - 9473. Calculate q(2).
13
Let i(a) = -a**2 - 95*a - 1422. Calculate i(-21).
132
Let j(x) = 2*x**2 - 6*x - 135. Give j(10).
5
Let p(o) = 21*o - 136. Give p(11).
95
Let q(g) = 10*g + 290. What is q(-28)?
10
Let t(f) = -114*f - 484. Calculate t(-4).
-28
Let l(d) = 3*d**3 + 3*d**2 - 24*d + 11. What is l(-3)?
29
Let g(t) = 147*t - 4497. Calculate g(31).
60
Let a(b) = -b**3 - 66*b**2 + 596*b + 298. Give a(-74).
2
Let q(l) = 342*l - 3745. Determine q(11).
17
Let y(a) = 19*a + 61. Calculate y(-11).
-148
Let d(o) = o**2 - 34*o - 291. Give d(41).
-4
Let w(d) = -3*d**2 + 4*d + 425. Calculate w(13).
-30
Let y(z) = -25*z - 6. Calculate y(-5).
119
Let a(p) = -p**3 + 5*p**2 + 18*p - 60. Calculate a(6).
12
Let c(i) = i**3 - 32*i**2 - 493*i - 1546. What is c(44)?
-6
Let z(o) = o**3 - 8*o**2 - 88*o + 52. Calculate z(14).
-4
Let j(q) = -5*q**2 - 23*q - 17. Determine j(-4).
-5
Let l(m) = -m**3 + 17*m**2 + 123*m + 84. Calculate l(-5).
19
Let x(j) = -4*j - 298. Determine x(-131).
226
Let u(s) = 2*s**3 + 13*s**2 - 7*s - 22. Calculate u(-4).
86
Let x(s) = -s**2 + 38*s - 84. What is x(27)?
213
Let c(d) = -4*d**3 + 73*d**2 - 13*d - 89. Give c(18).
1
Let o(p) = 2518*p + 10085. Determine o(-4).
13
Let g(o) = -17*o**2 + 8*o + 615. Determine g(0).
615
Let w(k) = k**2 - 832*k + 1. What is w(0)?
1
Let r(a) = 3*a**3 + 17*a**2 - 12*a - 39. What is r(-6)?
-3
Let d(h) = 50*h**3 + 8*h**2 + 14*h + 14. Give d(-2).
-382
Let h(z) = 80*z**2 + 15280*z + 7. Determine h(-191).
7
Let a(l) = 1125*l - 2277. Determine a(2).
-27
Let q(i) = i**2 - 18*i - 147. Calculate q(-16).
397
Let k(q) = -2*q**2 + 18*q + 386. Calculate k(-10).
6
Let z(o) = o**3 - 14*o**2 + 48*o + 33. Calculate z(8).
33
Let q(s) = 135*s - 792. What is q(6)?
18
Let r(w) = w**3 - 21*w**2 - 22*w - 28. Determine r(22).
-28
Let i(h) = -h**3 - 97*h**2 + 56*h + 5425. What is i(-97)?
-7
Let c(g) = -2*g**2 + 33*g + 27. Determine c(11).
148
Let p(o) = -2*o**3 + 36*o**2 + 69*o - 1744. Determine p(17).
7
Let x(q) = 925*q - 3698. Determine x(4).
2
Let l(m) = -782*m